{"id":2,"date":"2023-01-17T10:19:00","date_gmt":"2023-01-17T15:19:00","guid":{"rendered":"https:\/\/clicclatam.org\/eventos\/seguridadpanama\/?page_id=2"},"modified":"2024-02-22T11:35:47","modified_gmt":"2024-02-22T16:35:47","slug":"inicio","status":"publish","type":"page","link":"https:\/\/clicclatam.org\/eventos\/seguridadpanama\/","title":{"rendered":"Inicio"},"content":{"rendered":"\t\t<div data-elementor-type=\"wp-page\" data-elementor-id=\"2\" class=\"elementor elementor-2\">\n\t\t\t\t\t\t\t<div class=\"has_ae_slider elementor-element elementor-element-721467a e-con-boxed ae-bg-gallery-type-default e-con\" data-id=\"721467a\" data-element_type=\"container\" data-settings=\"{&quot;content_width&quot;:&quot;boxed&quot;}\">\n\t\t\t\t\t<div class=\"e-con-inner\">\n\t\t<div class=\"has_ae_slider elementor-element elementor-element-ed5be83 e-con-full ae-bg-gallery-type-default e-con\" data-id=\"ed5be83\" data-element_type=\"container\" data-settings=\"{&quot;content_width&quot;:&quot;full&quot;}\">\n\t\t\t\t<div class=\"elementor-element elementor-element-b070933 elementor-widget elementor-widget-image\" data-id=\"b070933\" data-element_type=\"widget\" data-widget_type=\"image.default\">\n\t\t\t\t<div class=\"elementor-widget-container\">\n\t\t\t<style>\/*! elementor - v3.10.1 - 17-01-2023 *\/\n.elementor-widget-image{text-align:center}.elementor-widget-image a{display:inline-block}.elementor-widget-image a img[src$=\".svg\"]{width:48px}.elementor-widget-image img{vertical-align:middle;display:inline-block}<\/style>\t\t\t\t\t\t\t\t\t\t\t\t<img loading=\"lazy\" decoding=\"async\" width=\"800\" height=\"800\" src=\"https:\/\/clicclatam.org\/eventos\/seguridadpanama\/wp-content\/uploads\/sites\/16\/2024\/02\/IMG_1844-1024x1024.jpeg\" class=\"attachment-large size-large wp-image-792\" alt=\"\" srcset=\"https:\/\/clicclatam.org\/eventos\/seguridadpanama\/wp-content\/uploads\/sites\/16\/2024\/02\/IMG_1844-1024x1024.jpeg 1024w, https:\/\/clicclatam.org\/eventos\/seguridadpanama\/wp-content\/uploads\/sites\/16\/2024\/02\/IMG_1844-300x300.jpeg 300w, https:\/\/clicclatam.org\/eventos\/seguridadpanama\/wp-content\/uploads\/sites\/16\/2024\/02\/IMG_1844-150x150.jpeg 150w, https:\/\/clicclatam.org\/eventos\/seguridadpanama\/wp-content\/uploads\/sites\/16\/2024\/02\/IMG_1844-768x768.jpeg 768w, https:\/\/clicclatam.org\/eventos\/seguridadpanama\/wp-content\/uploads\/sites\/16\/2024\/02\/IMG_1844.jpeg 1080w\" sizes=\"auto, (max-width: 800px) 100vw, 800px\" \/>\t\t\t\t\t\t\t\t\t\t\t\t\t\t\t<\/div>\n\t\t\t\t<\/div>\n\t\t\t\t<\/div>\n\t\t<div class=\"has_ae_slider elementor-element elementor-element-d7264ae e-con-full ae-bg-gallery-type-default e-con\" data-id=\"d7264ae\" data-element_type=\"container\" data-settings=\"{&quot;content_width&quot;:&quot;full&quot;}\">\n\t\t\t\t<div class=\"elementor-element elementor-element-7808a3c elementor-widget elementor-widget-text-editor\" data-id=\"7808a3c\" data-element_type=\"widget\" data-widget_type=\"text-editor.default\">\n\t\t\t\t<div class=\"elementor-widget-container\">\n\t\t\t<style>\/*! elementor - v3.10.1 - 17-01-2023 *\/\n.elementor-widget-text-editor.elementor-drop-cap-view-stacked .elementor-drop-cap{background-color:#818a91;color:#fff}.elementor-widget-text-editor.elementor-drop-cap-view-framed .elementor-drop-cap{color:#818a91;border:3px solid;background-color:transparent}.elementor-widget-text-editor:not(.elementor-drop-cap-view-default) .elementor-drop-cap{margin-top:8px}.elementor-widget-text-editor:not(.elementor-drop-cap-view-default) .elementor-drop-cap-letter{width:1em;height:1em}.elementor-widget-text-editor .elementor-drop-cap{float:left;text-align:center;line-height:1;font-size:50px}.elementor-widget-text-editor .elementor-drop-cap-letter{display:inline-block}<\/style>\t\t\t\t<p style=\"text-align: left;\">Estamos en un proceso de expansi\u00f3n y transformaci\u00f3n, en donde la seguridad en latinoam\u00e9rica es un eje principal para la garant\u00eda de vida digna en las comunidades.<\/p><p style=\"text-align: left;\">Por eso CLICC y Apacecom, se unen para promover el despliegue y desarrollo de seguridad, enfocados en la planeaci\u00f3n y definici\u00f3n de estrategia de seguridad, que involucra a la industria, teniendo un gran impacto social.<\/p><p>En este encuentro, especialmente elaborado para dichas estrategias, ofrecemos herramientas en comunicaci\u00f3n y planeaci\u00f3n para garantizar el \u00e9xito en las apuestas de seguridad en favor social, de las comunidades y de la industria.\u00a0\u00a0<\/p><p><b>Fecha: Viernes, 08 de marzo 2024.<\/b><\/p><p><b>Horario: 09:00 a.m. &#8211; 04:00 p.m.<\/b><\/p><p><b>Lugar: Aloft Panam\u00e1 Hotel, Ciudad de Panam\u00e1.<\/b><\/p>\t\t\t\t\t\t<\/div>\n\t\t\t\t<\/div>\n\t\t\t\t<\/div>\n\t\t\t\t\t<\/div>\n\t\t\t\t<\/div>\n\t\t<div class=\"has_ae_slider elementor-element elementor-element-d4d22ac e-con-full ae-bg-gallery-type-default e-con\" data-id=\"d4d22ac\" data-element_type=\"container\" data-settings=\"{&quot;background_background&quot;:&quot;classic&quot;,&quot;content_width&quot;:&quot;full&quot;}\">\n\t\t\t\t<div class=\"elementor-element elementor-element-bf9de53 elementor-widget elementor-widget-heading\" data-id=\"bf9de53\" data-element_type=\"widget\" data-widget_type=\"heading.default\">\n\t\t\t\t<div class=\"elementor-widget-container\">\n\t\t\t<style>\/*! elementor - v3.10.1 - 17-01-2023 *\/\n.elementor-heading-title{padding:0;margin:0;line-height:1}.elementor-widget-heading .elementor-heading-title[class*=elementor-size-]>a{color:inherit;font-size:inherit;line-height:inherit}.elementor-widget-heading .elementor-heading-title.elementor-size-small{font-size:15px}.elementor-widget-heading .elementor-heading-title.elementor-size-medium{font-size:19px}.elementor-widget-heading .elementor-heading-title.elementor-size-large{font-size:29px}.elementor-widget-heading .elementor-heading-title.elementor-size-xl{font-size:39px}.elementor-widget-heading .elementor-heading-title.elementor-size-xxl{font-size:59px}<\/style><h2 class=\"elementor-heading-title elementor-size-default\">Speakers<\/h2>\t\t<\/div>\n\t\t\t\t<\/div>\n\t\t\t\t<div class=\"elementor-element elementor-element-c52b9fb slider-speaker elementor-grid-1 elementor-grid-tablet-2 elementor-grid-mobile-1 elementor-widget elementor-widget-loop-grid\" data-id=\"c52b9fb\" data-element_type=\"widget\" data-settings=\"{&quot;template_id&quot;:&quot;84&quot;,&quot;columns&quot;:1,&quot;_skin&quot;:&quot;post&quot;,&quot;columns_tablet&quot;:&quot;2&quot;,&quot;columns_mobile&quot;:&quot;1&quot;,&quot;row_gap&quot;:{&quot;unit&quot;:&quot;px&quot;,&quot;size&quot;:&quot;&quot;,&quot;sizes&quot;:[]},&quot;row_gap_laptop&quot;:{&quot;unit&quot;:&quot;px&quot;,&quot;size&quot;:&quot;&quot;,&quot;sizes&quot;:[]},&quot;row_gap_tablet&quot;:{&quot;unit&quot;:&quot;px&quot;,&quot;size&quot;:&quot;&quot;,&quot;sizes&quot;:[]},&quot;row_gap_mobile&quot;:{&quot;unit&quot;:&quot;px&quot;,&quot;size&quot;:&quot;&quot;,&quot;sizes&quot;:[]}}\" data-widget_type=\"loop-grid.post\">\n\t\t\t\t<div class=\"elementor-widget-container\">\n\t\t\t<link rel=\"stylesheet\" href=\"https:\/\/clicclatam.org\/eventos\/seguridadpanama\/wp-content\/plugins\/elementor-pro\/assets\/css\/widget-loop-builder.min.css\">\t\t<div class=\"elementor-loop-container elementor-grid\">\n\t\t<style id=\"loop-84\">.elementor-84 .elementor-element.elementor-element-9c6f0d3{--background-transition:0.3s;}.elementor-84 .elementor-element.elementor-element-2f11df0 img{width:290px;height:290px;border-radius:50% 50% 50% 50%;}.elementor-84 .elementor-element.elementor-element-d644a63{text-align:center;}.elementor-84 .elementor-element.elementor-element-d644a63 .elementor-heading-title{color:var( --e-global-color-c61ebec );font-family:\"Roboto\", Sans-serif;font-size:1.8rem;font-weight:600;}.elementor-84 .elementor-element.elementor-element-7aa39fd{text-align:center;}.elementor-84 .elementor-element.elementor-element-7aa39fd .elementor-heading-title{color:var( --e-global-color-c61ebec );font-family:\"Roboto\", Sans-serif;font-size:1.2rem;font-weight:600;}<\/style>\t\t<div data-elementor-type=\"loop-item\" data-elementor-id=\"84\" class=\"elementor elementor-84 e-loop-item-352 e-loop-item\">\n\t\t\t\t\t\t<div class=\"has_ae_slider elementor-element elementor-element-9c6f0d3 e-con-boxed ae-bg-gallery-type-default e-con\" data-id=\"9c6f0d3\" data-element_type=\"container\" data-settings=\"{&quot;content_width&quot;:&quot;boxed&quot;}\">\n\t\t\t\t\t<div class=\"e-con-inner\">\n\t\t\t\t<div class=\"elementor-element elementor-element-2f11df0 elementor-widget elementor-widget-theme-post-featured-image elementor-widget-image\" data-id=\"2f11df0\" data-element_type=\"widget\" data-widget_type=\"theme-post-featured-image.default\">\n\t\t\t\t<div class=\"elementor-widget-container\">\n\t\t\t\t\t\t\t\t\t\t\t\t\t\t\t\t<a href=\"https:\/\/clicclatam.org\/eventos\/seguridadpanama\/speakers\/david-castejon-6\/\">\n\t\t\t\t\t\t\t<img loading=\"lazy\" decoding=\"async\" width=\"450\" height=\"450\" src=\"https:\/\/clicclatam.org\/eventos\/seguridadpanama\/wp-content\/uploads\/sites\/16\/2023\/01\/1516430751222.jpeg\" class=\"attachment-full size-full wp-image-712\" alt=\"\" srcset=\"https:\/\/clicclatam.org\/eventos\/seguridadpanama\/wp-content\/uploads\/sites\/16\/2023\/01\/1516430751222.jpeg 450w, https:\/\/clicclatam.org\/eventos\/seguridadpanama\/wp-content\/uploads\/sites\/16\/2023\/01\/1516430751222-300x300.jpeg 300w, https:\/\/clicclatam.org\/eventos\/seguridadpanama\/wp-content\/uploads\/sites\/16\/2023\/01\/1516430751222-150x150.jpeg 150w\" sizes=\"auto, (max-width: 450px) 100vw, 450px\" \/>\t\t\t\t\t\t\t\t<\/a>\n\t\t\t\t\t\t\t\t\t\t\t\t\t\t\t<\/div>\n\t\t\t\t<\/div>\n\t\t\t\t<div class=\"elementor-element elementor-element-d644a63 elementor-widget elementor-widget-theme-post-title elementor-page-title elementor-widget-heading\" data-id=\"d644a63\" data-element_type=\"widget\" data-widget_type=\"theme-post-title.default\">\n\t\t\t\t<div class=\"elementor-widget-container\">\n\t\t\t<h1 class=\"elementor-heading-title elementor-size-default\"><a href=\"https:\/\/clicclatam.org\/eventos\/seguridadpanama\/speakers\/david-castejon-6\/\">Jairo Libreros<\/a><\/h1>\t\t<\/div>\n\t\t\t\t<\/div>\n\t\t\t\t<div class=\"elementor-element elementor-element-7aa39fd elementor-widget elementor-widget-heading\" data-id=\"7aa39fd\" data-element_type=\"widget\" data-widget_type=\"heading.default\">\n\t\t\t\t<div class=\"elementor-widget-container\">\n\t\t\t<h2 class=\"elementor-heading-title elementor-size-default\"><a href=\"https:\/\/clicclatam.org\/eventos\/seguridadpanama\/speakers\/david-castejon-6\/\">Moderador:Colombia <\/a><\/h2>\t\t<\/div>\n\t\t\t\t<\/div>\n\t\t\t\t\t<\/div>\n\t\t\t\t<\/div>\n\t\t\t\t\t\t<\/div>\n\t\t\t\t<div data-elementor-type=\"loop-item\" data-elementor-id=\"84\" class=\"elementor elementor-84 e-loop-item-78 e-loop-item\">\n\t\t\t\t\t\t<div class=\"has_ae_slider elementor-element elementor-element-9c6f0d3 e-con-boxed ae-bg-gallery-type-default e-con\" data-id=\"9c6f0d3\" data-element_type=\"container\" data-settings=\"{&quot;content_width&quot;:&quot;boxed&quot;}\">\n\t\t\t\t\t<div class=\"e-con-inner\">\n\t\t\t\t<div class=\"elementor-element elementor-element-2f11df0 elementor-widget elementor-widget-theme-post-featured-image elementor-widget-image\" data-id=\"2f11df0\" data-element_type=\"widget\" data-widget_type=\"theme-post-featured-image.default\">\n\t\t\t\t<div class=\"elementor-widget-container\">\n\t\t\t\t\t\t\t\t\t\t\t\t\t\t\t\t<a href=\"https:\/\/clicclatam.org\/eventos\/seguridadpanama\/speakers\/david-castejon\/\">\n\t\t\t\t\t\t\t<img loading=\"lazy\" decoding=\"async\" width=\"400\" height=\"400\" src=\"https:\/\/clicclatam.org\/eventos\/seguridadpanama\/wp-content\/uploads\/sites\/16\/2023\/01\/nTKtElPB_400x400.jpg\" class=\"attachment-full size-full wp-image-744\" alt=\"\" srcset=\"https:\/\/clicclatam.org\/eventos\/seguridadpanama\/wp-content\/uploads\/sites\/16\/2023\/01\/nTKtElPB_400x400.jpg 400w, https:\/\/clicclatam.org\/eventos\/seguridadpanama\/wp-content\/uploads\/sites\/16\/2023\/01\/nTKtElPB_400x400-300x300.jpg 300w, https:\/\/clicclatam.org\/eventos\/seguridadpanama\/wp-content\/uploads\/sites\/16\/2023\/01\/nTKtElPB_400x400-150x150.jpg 150w\" sizes=\"auto, (max-width: 400px) 100vw, 400px\" \/>\t\t\t\t\t\t\t\t<\/a>\n\t\t\t\t\t\t\t\t\t\t\t\t\t\t\t<\/div>\n\t\t\t\t<\/div>\n\t\t\t\t<div class=\"elementor-element elementor-element-d644a63 elementor-widget elementor-widget-theme-post-title elementor-page-title elementor-widget-heading\" data-id=\"d644a63\" data-element_type=\"widget\" data-widget_type=\"theme-post-title.default\">\n\t\t\t\t<div class=\"elementor-widget-container\">\n\t\t\t<h1 class=\"elementor-heading-title elementor-size-default\"><a href=\"https:\/\/clicclatam.org\/eventos\/seguridadpanama\/speakers\/david-castejon\/\">Mario Morales<\/a><\/h1>\t\t<\/div>\n\t\t\t\t<\/div>\n\t\t\t\t<div class=\"elementor-element elementor-element-7aa39fd elementor-widget elementor-widget-heading\" data-id=\"7aa39fd\" data-element_type=\"widget\" data-widget_type=\"heading.default\">\n\t\t\t\t<div class=\"elementor-widget-container\">\n\t\t\t<h2 class=\"elementor-heading-title elementor-size-default\"><a href=\"https:\/\/clicclatam.org\/eventos\/seguridadpanama\/speakers\/david-castejon\/\">Moderador:Colombia<\/a><\/h2>\t\t<\/div>\n\t\t\t\t<\/div>\n\t\t\t\t\t<\/div>\n\t\t\t\t<\/div>\n\t\t\t\t\t\t<\/div>\n\t\t\t\t<\/div>\n\t\t\n\t\t\t\t<\/div>\n\t\t\t\t<\/div>\n\t\t\t\t<div class=\"elementor-element elementor-element-bf2d2d2 elementor-align-center elementor-widget elementor-widget-button\" data-id=\"bf2d2d2\" data-element_type=\"widget\" data-widget_type=\"button.default\">\n\t\t\t\t<div class=\"elementor-widget-container\">\n\t\t\t\t\t<div class=\"elementor-button-wrapper\">\n\t\t\t<a href=\"https:\/\/clicclatam.org\/eventos\/seguridad\/speakers\" class=\"elementor-button-link elementor-button elementor-size-sm\" role=\"button\">\n\t\t\t\t\t\t<span class=\"elementor-button-content-wrapper\">\n\t\t\t\t\t\t<span class=\"elementor-button-text\">Ver m\u00e1s<\/span>\n\t\t<\/span>\n\t\t\t\t\t<\/a>\n\t\t<\/div>\n\t\t\t\t<\/div>\n\t\t\t\t<\/div>\n\t\t\t\t<\/div>\n\t\t<div class=\"has_ae_slider elementor-element elementor-element-4acd2e5 e-con-boxed ae-bg-gallery-type-default e-con\" data-id=\"4acd2e5\" data-element_type=\"container\" id=\"tarifas\" data-settings=\"{&quot;content_width&quot;:&quot;boxed&quot;}\">\n\t\t\t\t\t<div class=\"e-con-inner\">\n\t\t\t\t<div class=\"elementor-element elementor-element-24f0346 elementor-widget elementor-widget-heading\" data-id=\"24f0346\" data-element_type=\"widget\" data-widget_type=\"heading.default\">\n\t\t\t\t<div class=\"elementor-widget-container\">\n\t\t\t<h2 class=\"elementor-heading-title elementor-size-default\">Tarifas<\/h2>\t\t<\/div>\n\t\t\t\t<\/div>\n\t\t\t\t\t<\/div>\n\t\t\t\t<\/div>\n\t\t<div class=\"has_ae_slider elementor-element elementor-element-fba2af1 e-con-boxed ae-bg-gallery-type-default e-con\" data-id=\"fba2af1\" data-element_type=\"container\" data-settings=\"{&quot;content_width&quot;:&quot;boxed&quot;}\">\n\t\t\t\t\t<div class=\"e-con-inner\">\n\t\t<div class=\"has_ae_slider elementor-element elementor-element-433c5db e-con-full card-tarifas ae-bg-gallery-type-default e-con\" data-id=\"433c5db\" data-element_type=\"container\" data-settings=\"{&quot;content_width&quot;:&quot;full&quot;}\">\n\t\t\t\t<div class=\"elementor-element elementor-element-c1eb140 elementor-widget elementor-widget-text-editor\" data-id=\"c1eb140\" data-element_type=\"widget\" data-widget_type=\"text-editor.default\">\n\t\t\t\t<div class=\"elementor-widget-container\">\n\t\t\t\t\t\t\t<p style=\"text-align: center;\">Miembro &#8211; <strong>USD 60<\/strong><\/p>\t\t\t\t\t\t<\/div>\n\t\t\t\t<\/div>\n\t\t\t\t<div class=\"elementor-element elementor-element-26aee1b elementor-widget elementor-widget-text-editor\" data-id=\"26aee1b\" data-element_type=\"widget\" data-widget_type=\"text-editor.default\">\n\t\t\t\t<div class=\"elementor-widget-container\">\n\t\t\t\t\t\t\t<p style=\"text-align: center;\">No Miembro &#8211; <strong>USD 90<\/strong><\/p>\t\t\t\t\t\t<\/div>\n\t\t\t\t<\/div>\n\t\t\t\t<\/div>\n\t\t\t\t\t<\/div>\n\t\t\t\t<\/div>\n\t\t<div class=\"has_ae_slider elementor-element elementor-element-236ada5 e-con-boxed ae-bg-gallery-type-default e-con\" data-id=\"236ada5\" data-element_type=\"container\" data-settings=\"{&quot;content_width&quot;:&quot;boxed&quot;}\">\n\t\t\t\t\t<div class=\"e-con-inner\">\n\t\t\t\t<div class=\"elementor-element elementor-element-cd956bb elementor-widget__width-initial tarifas-recomendaciones elementor-widget elementor-widget-text-editor\" data-id=\"cd956bb\" data-element_type=\"widget\" data-widget_type=\"text-editor.default\">\n\t\t\t\t<div class=\"elementor-widget-container\">\n\t\t\t\t\t\t\t<p style=\"text-align: center;\"><strong>*<\/strong>Las tarifas no incluyen ni alojamiento ni transporte.<br \/><strong>**<\/strong> Pol\u00edtica de cancelaci\u00f3n: Cualquier anulaci\u00f3n tendr\u00e1 un recargo administrativo del 20% para los participantes que notifiquen la cancelaci\u00f3n de su participaci\u00f3n hasta un mes antes del evento. Cualquier cancelaci\u00f3n despu\u00e9s de esta fecha tendr\u00e1 una penalidad equivalente al 100% del valor de la inscripci\u00f3n.<\/p>\t\t\t\t\t\t<\/div>\n\t\t\t\t<\/div>\n\t\t\t\t\t<\/div>\n\t\t\t\t<\/div>\n\t\t<div class=\"has_ae_slider elementor-element elementor-element-704ed27 e-con-boxed ae-bg-gallery-type-default e-con\" data-id=\"704ed27\" data-element_type=\"container\" id=\"inscripciones\" data-settings=\"{&quot;background_background&quot;:&quot;classic&quot;,&quot;content_width&quot;:&quot;boxed&quot;}\">\n\t\t\t\t\t<div class=\"e-con-inner\">\n\t\t\t\t<div class=\"elementor-element elementor-element-0031830 elementor-widget__width-initial elementor-absolute elementor-widget elementor-widget-image\" data-id=\"0031830\" data-element_type=\"widget\" data-settings=\"{&quot;_position&quot;:&quot;absolute&quot;}\" data-widget_type=\"image.default\">\n\t\t\t\t<div class=\"elementor-widget-container\">\n\t\t\t\t\t\t\t\t\t\t\t\t\t\t\t<img loading=\"lazy\" decoding=\"async\" width=\"500\" height=\"613\" src=\"https:\/\/clicclatam.org\/eventos\/seguridadpanama\/wp-content\/uploads\/sites\/16\/2023\/01\/mujer-inscripciones.png\" class=\"attachment-large size-large wp-image-145\" alt=\"\" srcset=\"https:\/\/clicclatam.org\/eventos\/seguridadpanama\/wp-content\/uploads\/sites\/16\/2023\/01\/mujer-inscripciones.png 500w, https:\/\/clicclatam.org\/eventos\/seguridadpanama\/wp-content\/uploads\/sites\/16\/2023\/01\/mujer-inscripciones-245x300.png 245w\" sizes=\"auto, (max-width: 500px) 100vw, 500px\" \/>\t\t\t\t\t\t\t\t\t\t\t\t\t\t\t<\/div>\n\t\t\t\t<\/div>\n\t\t\t\t<div class=\"elementor-element elementor-element-094a6af elementor-widget__width-initial elementor-absolute elementor-widget elementor-widget-image\" data-id=\"094a6af\" data-element_type=\"widget\" data-settings=\"{&quot;_position&quot;:&quot;absolute&quot;}\" data-widget_type=\"image.default\">\n\t\t\t\t<div class=\"elementor-widget-container\">\n\t\t\t\t\t\t\t\t\t\t\t\t\t\t\t<img loading=\"lazy\" decoding=\"async\" width=\"400\" height=\"599\" src=\"https:\/\/clicclatam.org\/eventos\/seguridadpanama\/wp-content\/uploads\/sites\/16\/2023\/01\/inscripciones.png\" class=\"attachment-large size-large wp-image-146\" alt=\"\" srcset=\"https:\/\/clicclatam.org\/eventos\/seguridadpanama\/wp-content\/uploads\/sites\/16\/2023\/01\/inscripciones.png 400w, https:\/\/clicclatam.org\/eventos\/seguridadpanama\/wp-content\/uploads\/sites\/16\/2023\/01\/inscripciones-200x300.png 200w\" sizes=\"auto, (max-width: 400px) 100vw, 400px\" \/>\t\t\t\t\t\t\t\t\t\t\t\t\t\t\t<\/div>\n\t\t\t\t<\/div>\n\t\t<div class=\"has_ae_slider elementor-element elementor-element-2c10471 e-con-boxed ae-bg-gallery-type-default e-con\" data-id=\"2c10471\" data-element_type=\"container\" data-settings=\"{&quot;content_width&quot;:&quot;boxed&quot;}\">\n\t\t\t\t\t<div class=\"e-con-inner\">\n\t\t\t\t<div class=\"elementor-element elementor-element-9849d9a elementor-widget elementor-widget-heading\" data-id=\"9849d9a\" data-element_type=\"widget\" data-widget_type=\"heading.default\">\n\t\t\t\t<div class=\"elementor-widget-container\">\n\t\t\t<h2 class=\"elementor-heading-title elementor-size-default\">Inscripciones<\/h2>\t\t<\/div>\n\t\t\t\t<\/div>\n\t\t\t\t\t<\/div>\n\t\t\t\t<\/div>\n\t\t\t\t<div class=\"elementor-element elementor-element-f617d20 elementor-align-center elementor-widget elementor-widget-button\" data-id=\"f617d20\" data-element_type=\"widget\" data-widget_type=\"button.default\">\n\t\t\t\t<div class=\"elementor-widget-container\">\n\t\t\t\t\t<div class=\"elementor-button-wrapper\">\n\t\t\t<a href=\"https:\/\/clicclatam.org\/eventos\/seguridadpanama\/sistema\/#!\/register\" class=\"elementor-button-link elementor-button elementor-size-xs\" role=\"button\">\n\t\t\t\t\t\t<span class=\"elementor-button-content-wrapper\">\n\t\t\t\t\t\t<span class=\"elementor-button-text\">Inscr\u00edbase aqu\u00ed<\/span>\n\t\t<\/span>\n\t\t\t\t\t<\/a>\n\t\t<\/div>\n\t\t\t\t<\/div>\n\t\t\t\t<\/div>\n\t\t\t\t\t<\/div>\n\t\t\t\t<\/div>\n\t\t<div class=\"has_ae_slider elementor-element elementor-element-381f24d e-con-boxed ae-bg-gallery-type-default e-con\" data-id=\"381f24d\" data-element_type=\"container\" data-settings=\"{&quot;content_width&quot;:&quot;boxed&quot;}\">\n\t\t\t\t\t<div class=\"e-con-inner\">\n\t\t\t\t<div class=\"elementor-element elementor-element-c0b388c elementor-widget elementor-widget-heading\" data-id=\"c0b388c\" data-element_type=\"widget\" data-widget_type=\"heading.default\">\n\t\t\t\t<div class=\"elementor-widget-container\">\n\t\t\t<h2 class=\"elementor-heading-title elementor-size-default\">Patrocinadores<\/h2>\t\t<\/div>\n\t\t\t\t<\/div>\n\t\t\t\t\t<\/div>\n\t\t\t\t<\/div>\n\t\t<div class=\"has_ae_slider elementor-element elementor-element-20a81c0 e-con-boxed ae-bg-gallery-type-default e-con\" data-id=\"20a81c0\" data-element_type=\"container\" data-settings=\"{&quot;content_width&quot;:&quot;boxed&quot;}\">\n\t\t\t\t\t<div class=\"e-con-inner\">\n\t\t\t\t<div class=\"elementor-element elementor-element-e94c13e elementor-arrows-position-inside elementor-widget elementor-widget-image-carousel\" data-id=\"e94c13e\" data-element_type=\"widget\" data-settings=\"{&quot;slides_to_show&quot;:&quot;4&quot;,&quot;slides_to_scroll&quot;:&quot;4&quot;,&quot;navigation&quot;:&quot;arrows&quot;,&quot;autoplay&quot;:&quot;yes&quot;,&quot;pause_on_hover&quot;:&quot;yes&quot;,&quot;pause_on_interaction&quot;:&quot;yes&quot;,&quot;autoplay_speed&quot;:5000,&quot;infinite&quot;:&quot;yes&quot;,&quot;speed&quot;:500}\" data-widget_type=\"image-carousel.default\">\n\t\t\t\t<div class=\"elementor-widget-container\">\n\t\t\t<style>\/*! elementor - v3.10.1 - 17-01-2023 *\/\n.elementor-widget-image-carousel .swiper-container{position:static}.elementor-widget-image-carousel .swiper-container .swiper-slide figure{line-height:inherit}.elementor-widget-image-carousel .swiper-slide{text-align:center}.elementor-image-carousel-wrapper:not(.swiper-container-initialized) .swiper-slide{max-width:calc(100% \/ var(--e-image-carousel-slides-to-show, 3))}<\/style>\t\t<div class=\"elementor-image-carousel-wrapper swiper-container\" dir=\"ltr\">\n\t\t\t<div class=\"elementor-image-carousel swiper-wrapper\">\n\t\t\t\t\t\t\t\t<div class=\"swiper-slide\"><a data-elementor-open-lightbox=\"yes\" data-elementor-lightbox-slideshow=\"e94c13e\" data-elementor-lightbox-title=\"LOGO CLICC\" e-action-hash=\"#elementor-action%3Aaction%3Dlightbox%26settings%3DeyJpZCI6NzQ5LCJ1cmwiOiJodHRwczpcL1wvY2xpY2NsYXRhbS5vcmdcL2V2ZW50b3NcL3NlZ3VyaWRhZHBhbmFtYVwvd3AtY29udGVudFwvdXBsb2Fkc1wvc2l0ZXNcLzE2XC8yMDI0XC8wMlwvTE9HTy1DTElDQy5wbmciLCJzbGlkZXNob3ciOiJlOTRjMTNlIn0%3D\" href=\"https:\/\/clicclatam.org\/eventos\/seguridadpanama\/wp-content\/uploads\/sites\/16\/2024\/02\/LOGO-CLICC.png\"><figure class=\"swiper-slide-inner\"><img decoding=\"async\" class=\"swiper-slide-image\" src=\"https:\/\/clicclatam.org\/eventos\/seguridadpanama\/wp-content\/uploads\/sites\/16\/2024\/02\/LOGO-CLICC-150x150.png\" alt=\"LOGO CLICC\" \/><\/figure><\/a><\/div><div class=\"swiper-slide\"><a data-elementor-open-lightbox=\"yes\" data-elementor-lightbox-slideshow=\"e94c13e\" data-elementor-lightbox-title=\"APACECOM\" e-action-hash=\"#elementor-action%3Aaction%3Dlightbox%26settings%3DeyJpZCI6ODA4LCJ1cmwiOiJodHRwczpcL1wvY2xpY2NsYXRhbS5vcmdcL2V2ZW50b3NcL3NlZ3VyaWRhZHBhbmFtYVwvd3AtY29udGVudFwvdXBsb2Fkc1wvc2l0ZXNcLzE2XC8yMDI0XC8wMlwvQVBBQ0VDT00ucG5nIiwic2xpZGVzaG93IjoiZTk0YzEzZSJ9\" href=\"https:\/\/clicclatam.org\/eventos\/seguridadpanama\/wp-content\/uploads\/sites\/16\/2024\/02\/APACECOM.png\"><figure class=\"swiper-slide-inner\"><img decoding=\"async\" class=\"swiper-slide-image\" src=\"https:\/\/clicclatam.org\/eventos\/seguridadpanama\/wp-content\/uploads\/sites\/16\/2024\/02\/APACECOM-150x150.png\" alt=\"APACECOM\" \/><\/figure><\/a><\/div>\t\t\t<\/div>\n\t\t\t\t\t\t\t\t\t\t\t\t\t\t\t\t<div class=\"elementor-swiper-button elementor-swiper-button-prev\">\n\t\t\t\t\t\t<i aria-hidden=\"true\" class=\"eicon-chevron-left\"><\/i>\t\t\t\t\t\t<span class=\"elementor-screen-only\">Anterior<\/span>\n\t\t\t\t\t<\/div>\n\t\t\t\t\t<div class=\"elementor-swiper-button elementor-swiper-button-next\">\n\t\t\t\t\t\t<i aria-hidden=\"true\" class=\"eicon-chevron-right\"><\/i>\t\t\t\t\t\t<span class=\"elementor-screen-only\">Siguiente<\/span>\n\t\t\t\t\t<\/div>\n\t\t\t\t\t\t\t\t\t<\/div>\n\t\t\t\t<\/div>\n\t\t\t\t<\/div>\n\t\t\t\t\t<\/div>\n\t\t\t\t<\/div>\n\t\t\t\t\t\t\t<\/div>\n\t\t","protected":false},"excerpt":{"rendered":"<p>Estamos en un proceso de expansi\u00f3n y transformaci\u00f3n, en donde la seguridad en latinoam\u00e9rica es un eje principal para la garant\u00eda de vida digna en las comunidades. Por eso CLICC y Apacecom, se unen para promover el despliegue y desarrollo de seguridad, enfocados en la planeaci\u00f3n y definici\u00f3n de estrategia de seguridad, que involucra a [&hellip;]<\/p>\n","protected":false},"author":1,"featured_media":0,"parent":0,"menu_order":0,"comment_status":"closed","ping_status":"open","template":"","meta":{"footnotes":""},"class_list":["post-2","page","type-page","status-publish","hentry"],"_links":{"self":[{"href":"https:\/\/clicclatam.org\/eventos\/seguridadpanama\/wp-json\/wp\/v2\/pages\/2","targetHints":{"allow":["GET"]}}],"collection":[{"href":"https:\/\/clicclatam.org\/eventos\/seguridadpanama\/wp-json\/wp\/v2\/pages"}],"about":[{"href":"https:\/\/clicclatam.org\/eventos\/seguridadpanama\/wp-json\/wp\/v2\/types\/page"}],"author":[{"embeddable":true,"href":"https:\/\/clicclatam.org\/eventos\/seguridadpanama\/wp-json\/wp\/v2\/users\/1"}],"replies":[{"embeddable":true,"href":"https:\/\/clicclatam.org\/eventos\/seguridadpanama\/wp-json\/wp\/v2\/comments?post=2"}],"version-history":[{"count":331,"href":"https:\/\/clicclatam.org\/eventos\/seguridadpanama\/wp-json\/wp\/v2\/pages\/2\/revisions"}],"predecessor-version":[{"id":816,"href":"https:\/\/clicclatam.org\/eventos\/seguridadpanama\/wp-json\/wp\/v2\/pages\/2\/revisions\/816"}],"wp:attachment":[{"href":"https:\/\/clicclatam.org\/eventos\/seguridadpanama\/wp-json\/wp\/v2\/media?parent=2"}],"curies":[{"name":"wp","href":"https:\/\/api.w.org\/{rel}","templated":true}]}}